{"id":66,"date":"2019-03-27T05:57:35","date_gmt":"2019-03-27T05:57:35","guid":{"rendered":"http:\/\/www.harcoslabor.hu\/?page_id=66"},"modified":"2019-03-27T06:17:49","modified_gmt":"2019-03-27T06:17:49","slug":"nyugalmi-elettani-vizsgalatok","status":"publish","type":"page","link":"https:\/\/www.harcoslabor.hu\/index.php\/nyugalmi-elettani-vizsgalatok\/","title":{"rendered":"Nyugalmi \u00e9lettani vizsg\u00e1latok"},"content":{"rendered":"\n<ol class=\"wp-block-list\"><li>EKG-vizsg\u00e1lat \u00e9s annak egy speci\u00e1lis elemz\u00e9si m\u00f3dszere, a pulzussz\u00e1m v\u00e1ltoz\u00e9konys\u00e1g\u00e1nak vizsg\u00e1lata, <\/li><li>egy speci\u00e1lis sportmaszk seg\u00edts\u00e9g\u00e9vel a l\u00e9gz\u00e9ssz\u00e1m \u00e9s a l\u00e9gz\u00e9s m\u00e9lys\u00e9g\u00e9nek, a ki- \u00e9s bel\u00e9gz\u00e9s ideje ar\u00e1ny\u00e1nak vizsg\u00e1lata, <\/li><li>egy mini EEG k\u00e9sz\u00fcl\u00e9kkel az agyhull\u00e1mok mint\u00e1zat\u00e1nak, a figyelemf\u00f3kusz\u00e1l\u00e1si k\u00e9pess\u00e9gnek, az agyf\u00e9l-dominanci\u00e1nak \u00e9s a medit\u00e1ci\u00f3s k\u00e9pess\u00e9gnek a vizsg\u00e1lata,<\/li><li>v\u00e9rnyom\u00e1s-m\u00e9r\u00e9s,<\/li><li>sport\u00e9lettani sz\u00edvultrahang vizsg\u00e1lat (Budapesten k\u00e9s\u0151bb lesz el\u00e9rhet\u0151 \u2013 <a href=\"http:\/\/www.kurucsaigabor.hu\" target=\"_blank\" rel=\"noreferrer noopener\" aria-label=\" (\u00faj f\u00fcl\u00f6n nyitja meg)\">sz\u00e9kesfeh\u00e9rv\u00e1ri egy\u00fcttm\u0171k\u00f6d\u0151 partner\u00fcnkn\u00e9l m\u00e1r el\u00e9rhet\u0151<\/a>).\u00a0<\/li><\/ol>\n\n\n\n<p>Ezeknek a vizsg\u00e1latoknak a c\u00e9lja az egy\u00e9nek\nalapvet\u0151 \u00e9lettani mutat\u00f3inak ellen\u0151rz\u00e9se annak \u00e9rdek\u00e9ben, hogy kider\u00edts\u00fck,\nmegfelel\u0151en funkcion\u00e1lnak-e a sport-, valamint alakulati tev\u00e9kenys\u00e9ghez, illetve\na vezet\u0151i, menedzseri feladatok ig\u00e9nybev\u00e9tel\u00e9hez. <\/p>\n\n\n\n<p>Meghat\u00e1rozhat\u00f3 az is, hogy a szem\u00e9ly\negy\u00e9ni adotts\u00e1gaihoz megfelel\u0151 m\u00e9rt\u00e9k\u0171-e a terhel\u00e9se (vagy ak\u00e1r alul-, ak\u00e1r\nt\u00falterhelt); a sz\u00edvultrahang vizsg\u00e1lat pedig valamelyest k\u00f6vetkeztetni enged a\nkondicion\u00e1lis k\u00e9pess\u00e9gekre (r\u00e9szben saj\u00e1t m\u00f3dszer, referencia: 2009. V\u00f6r\u00f6s\nRoland K-1 Max Magyar Bajnoks\u00e1gra val\u00f3 felk\u00e9sz\u00edt\u00e9se \u00e9s gy\u0151zelme, 2008-2009. a\nRe-Gym Muay Thai Klub v\u00e1logatottj\u00e1nak versenyfelk\u00e9sz\u00edt\u00e9seihez val\u00f3\nhozz\u00e1j\u00e1rul\u00e1s, 2008. Zr\u00ednyi Mikl\u00f3s vezette kick-box v\u00e1logatott bevizsg\u00e1l\u00e1sa, 2009.\nShaolin kung-fu ifj\u00fas\u00e1gi v\u00e1logatott munk\u00e1j\u00e1nak seg\u00edt\u00e9se). A nyugalmi \u00e9lettani\nvizsg\u00e1latok \u00f6nmagukban 90-95%-ban megmutatj\u00e1k m\u00e1r, hogy val\u00f3j\u00e1ban hogyan b\u00edrja\na terhel\u00e9st az egy\u00e9n. Aj\u00e1nlott a szem\u00e9ly optim\u00e1lis terhel\u00e9s-pihen\u00e9s ar\u00e1ny\u00e1nak\nbe\u00e1ll\u00edt\u00e1s\u00e1hoz, a teljes\u00edtm\u00e9nyt korl\u00e1toz\u00f3 esetleges rendellenes \u00e9lettani\nfunkci\u00f3k felt\u00e1r\u00e1s\u00e1hoz, a sporttev\u00e9kenys\u00e9g, alakulati kik\u00e9pz\u00e9s megkezd\u00e9sekor az\negy\u00e9ni terhelhet\u0151s\u00e9g meg\u00e1llap\u00edt\u00e1s\u00e1hoz, versenyz\u0151knek a formaid\u0151z\u00edt\u00e9shez, id\u0151r\u0151l\nid\u0151re a szervezet \u00e1llapot\u00e1nak ellen\u0151rz\u00e9s\u00e9hez, vezet\u0151, menedzseri beoszt\u00e1sban\ndolgoz\u00f3knak f\u00e9l\u00e9vente-\u00e9vente \u00e1llapotuk ellen\u0151rz\u00e9s\u00e9hez.<\/p>\n","protected":false},"excerpt":{"rendered":"<p>EKG-vizsg\u00e1lat \u00e9s annak egy speci\u00e1lis elemz\u00e9si m\u00f3dszere, a pulzussz\u00e1m v\u00e1ltoz\u00e9konys\u00e1g\u00e1nak vizsg\u00e1lata, egy speci\u00e1lis sportmaszk seg\u00edts\u00e9g\u00e9vel a l\u00e9gz\u00e9ssz\u00e1m \u00e9s a l\u00e9gz\u00e9s m\u00e9lys\u00e9g\u00e9nek, a ki- \u00e9s bel\u00e9gz\u00e9s ideje ar\u00e1ny\u00e1nak vizsg\u00e1lata, egy mini EEG k\u00e9sz\u00fcl\u00e9kkel az agyhull\u00e1mok mint\u00e1zat\u00e1nak, a figyelemf\u00f3kusz\u00e1l\u00e1si k\u00e9pess\u00e9gnek, az agyf\u00e9l-dominanci\u00e1nak \u00e9s a medit\u00e1ci\u00f3s k\u00e9pess\u00e9gnek a vizsg\u00e1lata, v\u00e9rnyom\u00e1s-m\u00e9r\u00e9s, sport\u00e9lettani sz\u00edvultrahang vizsg\u00e1lat (Budapesten k\u00e9s\u0151bb lesz el\u00e9rhet\u0151 \u2013 &hellip; <\/p>\n<p class=\"link-more\"><a href=\"https:\/\/www.harcoslabor.hu\/index.php\/nyugalmi-elettani-vizsgalatok\/\" class=\"more-link\"><span class=\"screen-reader-text\">&#8222;Nyugalmi \u00e9lettani vizsg\u00e1latok&#8221;<\/span> b\u0151vebben<\/a><\/p>\n","protected":false},"author":1,"featured_media":0,"parent":0,"menu_order":0,"comment_status":"closed","ping_status":"closed","template":"","meta":{"footnotes":""},"class_list":["post-66","page","type-page","status-publish","hentry"],"_links":{"self":[{"href":"https:\/\/www.harcoslabor.hu\/index.php\/wp-json\/wp\/v2\/pages\/66","targetHints":{"allow":["GET"]}}],"collection":[{"href":"https:\/\/www.harcoslabor.hu\/index.php\/wp-json\/wp\/v2\/pages"}],"about":[{"href":"https:\/\/www.harcoslabor.hu\/index.php\/wp-json\/wp\/v2\/types\/page"}],"author":[{"embeddable":true,"href":"https:\/\/www.harcoslabor.hu\/index.php\/wp-json\/wp\/v2\/users\/1"}],"replies":[{"embeddable":true,"href":"https:\/\/www.harcoslabor.hu\/index.php\/wp-json\/wp\/v2\/comments?post=66"}],"version-history":[{"count":3,"href":"https:\/\/www.harcoslabor.hu\/index.php\/wp-json\/wp\/v2\/pages\/66\/revisions"}],"predecessor-version":[{"id":84,"href":"https:\/\/www.harcoslabor.hu\/index.php\/wp-json\/wp\/v2\/pages\/66\/revisions\/84"}],"wp:attachment":[{"href":"https:\/\/www.harcoslabor.hu\/index.php\/wp-json\/wp\/v2\/media?parent=66"}],"curies":[{"name":"wp","href":"https:\/\/api.w.org\/{rel}","templated":true}]}}