{"id":49,"date":"2019-03-26T15:40:14","date_gmt":"2019-03-26T15:40:14","guid":{"rendered":"http:\/\/www.harcoslabor.hu\/?page_id=49"},"modified":"2019-03-27T06:55:21","modified_gmt":"2019-03-27T06:55:21","slug":"elerhetoseg","status":"publish","type":"page","link":"https:\/\/www.harcoslabor.hu\/index.php\/elerhetoseg\/","title":{"rendered":"El\u00e9rhet\u0151s\u00e9g"},"content":{"rendered":"\n<p>Ha id\u0151pontot szeretne k\u00e9rni vagy k\u00e9rd\u00e9se van, az al\u00e1bbi\nel\u00e9rhet\u0151s\u00e9geinken \u00e9rhet el minket:<\/p>\n\n\n\n<p><\/p>\n\n\n\n<div class=\"wp-block-media-text alignwide has-media-on-the-right\" style=\"grid-template-columns:auto 39%\"><figure class=\"wp-block-media-text__media\"><img loading=\"lazy\" decoding=\"async\" width=\"250\" height=\"250\" src=\"https:\/\/www.harcoslabor.hu\/wp-content\/uploads\/2019\/03\/harcoslabor-1-e1553612888519.jpg\" alt=\"\" class=\"wp-image-32\"\/><\/figure><div class=\"wp-block-media-text__content\">\n<p><strong>Egy\u00e9ni id\u0151pontk\u00e9r\u00e9s \u00e9s\nszakmai k\u00e9rd\u00e9sek:<\/strong><\/p>\n\n\n\n<p><strong>Dr. Pint\u00e9r Barbara<\/strong><\/p>\n\n\n\n<p>Telefon: +36 70 56\n22&nbsp;566<\/p>\n\n\n\n<p>E-mail: <a href=\"mailto:teljesitmeny@harcoslabor.hu\">teljesitmeny@harcoslabor.hu<\/a><\/p>\n\n\n\n<p><strong>Csoportos\nmegrendel\u00e9sek, szervez\u00e9s:<\/strong><\/p>\n\n\n\n<p><strong>Sz\u00f3l\u00e1di L\u00e1szl\u00f3<\/strong><\/p>\n\n\n\n<p>Telefon: +36 70\u00a0946 88 48<\/p>\n\n\n\n<p>E-mail: <a href=\"mailto:szervezes@harcoslabor.hu\">szervezes@harcoslabor.hu<\/a><\/p>\n<\/div><\/div>\n","protected":false},"excerpt":{"rendered":"<p>Ha id\u0151pontot szeretne k\u00e9rni vagy k\u00e9rd\u00e9se van, az al\u00e1bbi el\u00e9rhet\u0151s\u00e9geinken \u00e9rhet el minket: Egy\u00e9ni id\u0151pontk\u00e9r\u00e9s \u00e9s szakmai k\u00e9rd\u00e9sek: Dr. Pint\u00e9r Barbara Telefon: +36 70 56 22&nbsp;566 E-mail: teljesitmeny@harcoslabor.hu Csoportos megrendel\u00e9sek, szervez\u00e9s: Sz\u00f3l\u00e1di L\u00e1szl\u00f3 Telefon: +36 70\u00a0946 88 48 E-mail: szervezes@harcoslabor.hu<\/p>\n","protected":false},"author":1,"featured_media":0,"parent":0,"menu_order":0,"comment_status":"closed","ping_status":"closed","template":"","meta":{"footnotes":""},"class_list":["post-49","page","type-page","status-publish","hentry"],"_links":{"self":[{"href":"https:\/\/www.harcoslabor.hu\/index.php\/wp-json\/wp\/v2\/pages\/49","targetHints":{"allow":["GET"]}}],"collection":[{"href":"https:\/\/www.harcoslabor.hu\/index.php\/wp-json\/wp\/v2\/pages"}],"about":[{"href":"https:\/\/www.harcoslabor.hu\/index.php\/wp-json\/wp\/v2\/types\/page"}],"author":[{"embeddable":true,"href":"https:\/\/www.harcoslabor.hu\/index.php\/wp-json\/wp\/v2\/users\/1"}],"replies":[{"embeddable":true,"href":"https:\/\/www.harcoslabor.hu\/index.php\/wp-json\/wp\/v2\/comments?post=49"}],"version-history":[{"count":7,"href":"https:\/\/www.harcoslabor.hu\/index.php\/wp-json\/wp\/v2\/pages\/49\/revisions"}],"predecessor-version":[{"id":97,"href":"https:\/\/www.harcoslabor.hu\/index.php\/wp-json\/wp\/v2\/pages\/49\/revisions\/97"}],"wp:attachment":[{"href":"https:\/\/www.harcoslabor.hu\/index.php\/wp-json\/wp\/v2\/media?parent=49"}],"curies":[{"name":"wp","href":"https:\/\/api.w.org\/{rel}","templated":true}]}}